{"id":28,"date":"2026-03-19T08:19:24","date_gmt":"2026-03-19T08:19:24","guid":{"rendered":"https:\/\/czemuwypadajawlosy.pl\/?page_id=28"},"modified":"2026-03-21T15:44:17","modified_gmt":"2026-03-21T15:44:17","slug":"o-nas","status":"publish","type":"page","link":"https:\/\/czemuwypadajawlosy.pl\/index.php\/o-nas\/","title":{"rendered":"O nas"},"content":{"rendered":"<div style=\"background-color: #faf3e0; padding: 20px; border-radius: 10px;\">\n\n\n<h2 class=\"wp-block-heading\" style=\"text-decoration: underline;\">O nas<\/h2>\n\n\n\n<h2 class=\"wp-block-heading\">Kim jeste\u015bmy<\/h2>\n\n\n\n<p>Adres naszej strony internetowej to: <a href=\"https:\/\/czemuwypadajawlosy.pl\">https:\/\/czemuwypadajawlosy.pl<\/a><\/p>\n\n\n\n<p>W\u0142a\u015bcicielem portalu jest unicornbeauty Sp. z o.o., ul. \u015awieradowska 47, 02-662 Warszawa, NIP: PL 5272897001<\/p>\n\n\n\n<p>Kontakt: <\/p>\n\n\n\n<p><\/p>\n","protected":false},"excerpt":{"rendered":"<p>O nas Kim jeste\u015bmy Adres naszej strony internetowej to: https:\/\/czemuwypadajawlosy.pl W\u0142a\u015bcicielem portalu jest unicornbeauty Sp. z o.o., ul. \u015awieradowska 47, 02-662 Warszawa, NIP: PL 5272897001 Kontakt:<\/p>\n","protected":false},"author":2,"featured_media":0,"parent":0,"menu_order":0,"comment_status":"closed","ping_status":"closed","template":"","meta":{"footnotes":""},"class_list":["post-28","page","type-page","status-publish","hentry"],"_links":{"self":[{"href":"https:\/\/czemuwypadajawlosy.pl\/index.php\/wp-json\/wp\/v2\/pages\/28","targetHints":{"allow":["GET"]}}],"collection":[{"href":"https:\/\/czemuwypadajawlosy.pl\/index.php\/wp-json\/wp\/v2\/pages"}],"about":[{"href":"https:\/\/czemuwypadajawlosy.pl\/index.php\/wp-json\/wp\/v2\/types\/page"}],"author":[{"embeddable":true,"href":"https:\/\/czemuwypadajawlosy.pl\/index.php\/wp-json\/wp\/v2\/users\/2"}],"replies":[{"embeddable":true,"href":"https:\/\/czemuwypadajawlosy.pl\/index.php\/wp-json\/wp\/v2\/comments?post=28"}],"version-history":[{"count":25,"href":"https:\/\/czemuwypadajawlosy.pl\/index.php\/wp-json\/wp\/v2\/pages\/28\/revisions"}],"predecessor-version":[{"id":171,"href":"https:\/\/czemuwypadajawlosy.pl\/index.php\/wp-json\/wp\/v2\/pages\/28\/revisions\/171"}],"wp:attachment":[{"href":"https:\/\/czemuwypadajawlosy.pl\/index.php\/wp-json\/wp\/v2\/media?parent=28"}],"curies":[{"name":"wp","href":"https:\/\/api.w.org\/{rel}","templated":true}]}}